*g + 0*g + 20*g. What is v(-9)?
-4
Let j(x) be the first derivative of -6*x**3 - x - 1627. Give j(-1).
-19
Let f be (-142)/5 + 2 - (-84)/(-140). Let h(d) = -d**3 - 25*d**2 + 58*d + 105. Let b be h(f). Let c(i) = i**3 + 5*i**2 + 3*i - 4. Calculate c(b).
5
Let z(k) = 0*k**3 - 2*k - k**3 + 15*k + 5*k**2 - 32 - 28 + 39. Calculate z(7).
-28
Let j = -573 - -563. Let w(r) = r**3 + 8*r**2 + 5*r + 11. Let c(z) = -4*z**3 - 31*z**2 - 22*z - 44. Let u(y) = -2*c(y) - 9*w(y). Calculate u(j).
-1
Let l = 5 - 9. Let r(j) be the third derivative of -j**6/720 - 7*j**5/120 - 13*j**4/8 - 33*j**2. Let y(t) be the second derivative of r(t). Give y(l).
-3
Let n = -737 - -749. Let u(z) = -7*z + 8*z + 0*z - n. What is u(11)?
-1
Suppose 0 = -j + 2*j - 5*i + 21, 4*i - 32 = -3*j. Suppose 8 = -4*k + 12, -27 = -j*c + 5*k. Let s(q) = -q**2 + 7*q + 11. Determine s(c).
3
Let t be (-90)/60*(-728)/(-3). Let z = t + 368. Let l(n) = n - 1. Give l(z).
3
Let r = 336 - 333. Let f(c) = c**2 - c**r + 3 + 4*c**2 - c - 7*c**2 - 7. Calculate f(-4).
32
Let y(d) be the second derivative of d**4/12 - 7*d**3/6 - 17*d**2/2 + 2353*d + 2. Calculate y(8).
-9
Let i = -5505 - -5505. Let o(y) = 3 - y - 2 + 2*y. Give o(i).
1
Let g(h) be the first derivative of h**7/840 - h**6/90 + h**5/120 + 7*h**4/24 + 19*h**3/3 + 3*h - 25. Let x(k) be the third derivative of g(k). What is x(3)?
1
Let t(o) = o**3 - 6*o**2 - 5*o - 7. Let s be (2/(-6) - (-143)/(-3)) + -4. Let n = -52 - s. Suppose 4*r - 28 = -n. Give t(r).
7
Let i be (6 + -13)*6/(-7). Let n be (-4 - (-15)/i)*-2. Let x(u) = 3 + 7*u - 3*u**2 - 16 - u**n + 12 + 7. Determine x(-4).
-6
Let i = 34 + -12. Let x(o) = 2 - 2 - i*o + 31*o - 4. Calculate x(-3).
-31
Let j(v) = 5*v**3 + 7*v**2 - 29*v - 10. Let r(m) = -22*m**3 - 28*m**2 + 126*m + 41. Let t(b) = -9*j(b) - 2*r(b). What is t(-9)?
89
Let y(v) = -7*v + 1941*v**2 - 3*v**3 - 3*v**3 - 1951*v**2 + 4*v**3 - 2. Give y(-4).
-6
Let v be (-11)/(-22) + 298/4. Suppose -2*c - 87 = -a + 2*c, -a + v = 2*c. Let m = -79 + a. Let n(y) = y - 2. Calculate n(m).
-2
Let v(q) = 3*q**2 - 7*q + 26. Let a(i) = 2*i**2 - 3*i. Let t(c) = 2*a(c) - v(c). What is t(-6)?
4
Let u(f) be the second derivative of 1/20*f**5 + 1/3*f**3 + 9*f + 0 + 1/12*f**4 - f**2. What is u(2)?
14
Let k(n) = 3*n + 5. Let x(q) = 10*q**2 - q - 1. Let g be x(1). Let r be (24/g)/21 + 96/14. Let b(o) = -o**2 + 4*o + 15. Let m be b(r). Determine k(m).
-13
Let w(u) = 59*u - 210. Let b(h) = 75*h - 210. Let k(v) = -2*b(v) + 3*w(v). Determine k(8).
6
Let p(k) = k**3 - 5*k**2 + 3*k - 5. Let l = -630 + 636. Let q be (-6 + -1 - -5) + l. Give p(q).
-9
Let s(z) = 10*z + 8. Let v(w) = 11*w + 11. Let x(j) = -5*s(j) + 4*v(j). Let a = -84 + 81. Determine x(a).
22
Let q(p) be the second derivative of -p**5/20 - 11*p**4/12 + p**3 + 79*p**2/2 - 4*p - 140. Calculate q(-11).
13
Let j(y) = -13*y + 10. Let p be j(4). Let r = p - -44. Let i(q) = 3*q - q - 6*q**2 + 8*q**2 - r - q. Calculate i(2).
8
Suppose -2*l - 4 = 2. Suppose -h - 24 = -3*h + 5*u, 0 = -5*u - 20. Let s(f) = f - 522 - 514 + 3*f**h + 1034. Give s(l).
22
Let n = -4624 + 4626. Let c(z) be the third derivative of z**3 + 19*z**n + 0 - 1/24*z**4 + 0*z. Calculate c(0).
6
Let c be (-13)/(-39)*-9*(0 + 2). Let d(g) = 3*g + 1. Let l(n) = -17*n - 4. Let m(k) = 5*d(k) + l(k). Calculate m(c).
13
Let x(a) = -11*a**3 + 39*a**2 - 8*a - 1. Let c(v) = 4*v**3 - 13*v**2 + 3*v - 1. Let h(t) = 8*c(t) + 3*x(t). Determine h(13).
-11
Let x(t) be the second derivative of -61*t + 2*t**2 + 1/12*t**4 + 0 - 2*t**3. Give x(12).
4
Let d(r) = 3*r + 191 + 7*r + r**3 - 194 - 9*r. Determine d(-4).
-71
Let h(w) be the second derivative of w**5/60 + w**4/12 + 31*w**3/3 + 268*w. Let z(j) be the second derivative of h(j). What is z(2)?
6
Let y(v) = v**3 + 6*v**2 + v + 4. Let k be -2 + -1 + 0/(-23). Let p be 21/(-28)*4 + (0 - k). Suppose p = -26*j + 19*j - 42. Determine y(j).
-2
Let x(j) be the first derivative of -3*j**2/2 + 13*j + 1630. What is x(-4)?
25
Suppose 43*l - 41*l = 338. Let c = 44 + l. Let v(f) = c*f**3 - 1 - 217*f**3 + f - f. What is v(-1)?
3
Let q(p) = 15*p - 32. Let f(r) = 19*r - 54. Let u(x) = 3*f(x) - 4*q(x). Calculate u(-11).
-1
Let s(n) be the first derivative of -n**7/140 - n**5/60 + n**4/24 - n**3 - 3*n**2/2 + 37. Let y(k) be the third derivative of s(k). What is y(1)?
-7
Let g(i) = -4*i - 2. Let j = 424 + -418. Suppose -367*s + j = -364*s. What is g(s)?
-10
Suppose 10*n + 518 = 84*n. Let c(y) = -17*y**2 + 117*y + 14. Let t be c(n). Let r(o) be the third derivative of o**5/60 + o**4/24 + 7*o**3/3 - o**2. Give r(t).
14
Suppose 86*q + 36 = 80*q - 2*z, -4*q + 3*z - 11 = 0. Let y(u) = -53*u - 260. What is y(q)?
5
Let t(w) = -w + 8. Let r be t(3). Let p(f) be the third derivative of f**5/30 - f**4/4 - 7*f**3/6 - 101*f**2. Calculate p(r).
13
Suppose 22*z - 14430 - 926 = 0. Let a = z + -702. Let t(c) = c**3 + 4*c**2 - c - 1. Determine t(a).
3
Let v(y) = -4*y - 6. Let a(w) = 30*w**2 - 3*w + 3. Let d be a(1). Let p be 125/(-35) + (1 - d/21). What is v(p)?
10
Suppose 6 = -14*t + 20*t. Let f be (-58)/((t + -3)/(-2 + 4)). Suppose b + 51 = f. Let l(y) = -y**3 + 7*y**2 - 3*y + 8. Calculate l(b).
-13
Let w(j) be the second derivative of -2*j**3/3 - j**2/2 + 2*j. Let m(k) = -k**2 - 1. Let q be m(0). Let h(p) = 6*p + 7. Let n be h(q). Determine w(n).
-5
Let x(v) = -45*v - 19. Let j(s) = 13*s. Let m(b) = 3*j(b) + x(b). What is m(-10)?
41
Let t(l) = 23*l - 22. Let y(o) = 28*o - 33. Let x(g) = 6*t(g) - 5*y(g). Give x(26).
-19
Let f(j) = -4*j + 26. Let w be f(6). Let c(g) = -14*g**3 + g - 2*g + w*g + 2*g**2. Suppose -12*p + 17*p + 5 = 0. Determine c(p).
15
Let o(y) = -y**2 + 6*y + 5. Let b(v) = 3*v**2 - 3*v - 4. Let a be b(-1). Suppose a*r - 32 = -24. Suppose 0*t + 4*p = 5*t - 38, -2*p = r*t - 20. Determine o(t).
5
Let u(w) = 553 - w**3 - 7*w**2 + 555 - 1121 - 6*w. Determine u(-3).
-31
Let s(f) = -3*f + 11 + 2*f - 2*f. Let r(w) = 2*w**2 + 202*w - 4833. Let t be r(-121). What is s(t)?
-10
Let x(q) be the third derivative of -q**6/60 - q**5/60 + q**4/24 - 2*q**3/3 - 9*q**2 + 351. What is x(2)?
-22
Suppose 26*v - 9*v - 5 = -39. Let p(c) = 14*c**2 - c + 3. Calculate p(v).
61
Let x(q) = -44*q + 28. Let j(o) = -3*o**2 - 24*o + 32. Let v be j(-9). Let b(u) = -15*u + 10. Let s(g) = v*x(g) - 14*b(g). What is s(1)?
-10
Let x(h) = 249*h**3 - 254*h**3 - 4*h**2 + 12*h**2 - 5*h. Let i(r) = -2*r**3 + r**2 - r - 1. Let p(w) = -3*i(w) + x(w). What is p(-4)?
27
Let m(s) = -3*s**2 + 5*s**3 + 2*s**2 + 2*s**2 - 17*s**3. Suppose -2*o - 4*z - 295 = -3*z, -3*o + 3*z - 420 = 0. Let p be 87/o + (-4)/10. Calculate m(p).
13
Let r(d) be the first derivative of -9*d**2/2 - 3*d - 40. Let p(g) = -g**3 + 8*g + 29. Let l be p(4). Calculate r(l).
24
Let m(s) = 17*s**2 - 15*s - 20. Let x(i) = 60*i**2 - 45*i - 60. Let t(d) = -7*m(d) + 2*x(d). What is t(-11)?
-24
Let a(y) = -5*y**3 + y**2 + 2*y + 1. Let x be (3 - 21/6)*(1 - 7). Suppose 11 = -5*j + x*q, j + 18*q - 5 = 15*q. Determine a(j).
5
Let m(g) = -g**2 - 11*g - 9. Suppose -912 = -11*v - 1044. Determine m(v).
-21
Let z(t) be the first derivative of -t**5/120 - t**4/3 - 19*t**3/3 - t**2 + 10. Let o(d) be the third derivative of z(d). Determine o(-12).
4
Let j(k) = -k + 9. Let v be j(9). Let c(n) = -n - n + n - 2 + v*n. Let i = 478 + -475. Calculate c(i).
-5
Let a(v) = 21 - 42 + 2*v + 16. Suppose 6 = 5*y + 21. Let r be 20/(-4)*(y - -2). Determine a(r).
5
Let h(j) = -18*j**2 + 28*j + 74. Let s(f) = -2*f**2 + 3*f + 8. Let o(k) = 2*h(k) - 19*s(k). Calculate o(0).
-4
Let o(c) = c**2 + 32*c + 258. Suppose 2*z + 2*f + 0 = -40, -3*z - 2*f = 57. Let l be o(z). Let g(t) = -t**2 - 1. Calculate g(l).
-10
Let t(r) be the first derivative of -r**2/2 - 2703. Give t(4).
-4
Let s be (28/(-4) + 1)/1. Let o be 8/s + (-4)/(-12). Let a(p) = -481*p**3 + 954*p**3 - 478*p**3. What is a(o)?
5
Let h(w) be the second derivative of -w**3/6 + w**2 - 40*w. Let b(g) = -g**2 - 5*g + 6. Let o(t) = b(t) + 2*h(t). What is o(-7)?
10
Suppose -28 = -3*h + h. Suppose d = h*d - 143. Let a(r) = -r**3 + 11*r**2 + 2*r - 19. Give a(d).
3
Let d = 12108 + -12104. Let t(w) = -w**3 + 3*w**2 + w + 5. Calculate t(d).
-7
Let k(q) = -60*q - 13. Let v(m) = -254*m - 51. Let t(l) = -17*k(l) + 4*v(l). Let d be 5*(-2)/10*6. Calculate t(d).
-7
Let n = -71 + 78. Let v(h) = -11*h**3 + 14*h**2 - 24